 - 37. Suppose -a*w - 2*w = -3*x + 66, 0 = -3*w. Calculate the remainder when (-42 + 1)/(-7 - -6) is divided by x.
19
Let s(g) = -69*g + 4. Let q = -1 - 5. What is the remainder when s(-1) is divided by -1*19*6/q?
16
Suppose -s + 8 + 24 = 0. Suppose 471 = -9*r + 570. What is the remainder when s is divided by r?
10
Let v(f) = 3*f**2 - f + 2. Suppose -191 = -d + 71. Suppose g = -3*j + 305, 5*j - g - 249 - d = 0. What is the remainder when j is divided by v(3)?
24
Let p(d) = -2*d**2 - 13*d + 13. Let r be p(9). Let m = -160 - r. Suppose 4*g + 14 - m = 2*c, 4*g - 84 = 4*c. What is the remainder when 99 is divided by g?
24
Let j be 0 - (4 - 3)*68. Let k = 106 + j. What is the remainder when 150 is divided by k?
36
Let o = -3 + 34. What is the remainder when (204/(-4))/(0 + (-1)/3) is divided by o?
29
Let a = 16 + -12. Let i = a + 0. Suppose i*t - 2 = 170. What is the remainder when t is divided by 23?
20
Let n be (9 + 0)*(-42)/7. Let l = 70 + n. What is the remainder when l is divided by 9?
7
Suppose 4*f + 70 = 5*w, f + 25 = 2*w - 0*w. Let m = w - 8. Suppose m = -2*n - 3*a, -6*a - 16 = -3*n - a. Calculate the remainder when 4 is divided by n.
0
Let q(c) = c + 12. Let y(a) = a + 11. Let b(s) = -6*q(s) + 7*y(s). What is the remainder when (2*10 - 0)*1 is divided by b(6)?
9
Suppose 0 = 14*f - 0*f + 3962. Let c = -198 - f. What is the remainder when c is divided by 43?
42
Let v = 23 - -20. What is the remainder when v is divided by (-1 - 5)/(12/(-24))?
7
Suppose 0 = -4*g - 16*g + 340. What is the remainder when 36 is divided by g?
2
Let w = 854 - 316. Calculate the remainder when w is divided by 45.
43
Let g be (-8)/(-4)*(374/(-4) + -3). Let j = g - -306. Suppose 0 = 2*u - 4*h - 62, -56 = -2*u - 4*h + 2*h. What is the remainder when j is divided by u?
26
Let v = 0 - -9. Let r be 75*(-7)/(-14) + (-1)/2. Let i = 43 - r. What is the remainder when v is divided by i?
3
Suppose 5 + 10 = 3*d. What is the remainder when 18 is divided by (0 - (0 - d))*1?
3
Suppose 2*y - 4 = -2. What is the remainder when y - 1 - -158 - 4 is divided by 39?
37
Let k(w) = 2*w**2 + 54*w + 9. What is the remainder when k(-29) is divided by 13?
8
Let x = 238 - 207. Let h(v) = -v**2 + 9*v + 5. What is the remainder when x is divided by h(7)?
12
Suppose 0 = 3*b - i - 230, 5*b = 2*i + 2*i + 381. Suppose 0 = -15*k + 73 + b. Calculate the remainder when 28 is divided by k.
8
Let l(c) = c**3 - 5*c**2 + 4*c + 3. Let b be l(4). Suppose 12 = -2*v + b*v. Calculate the remainder when ((-105)/6)/(26/(-52)) is divided by v.
11
Let j be (-1 - 2 - 2)/(20/(-8)). Suppose j*d = -4 + 32. What is the remainder when d is divided by 5?
4
Let z = -2956 + 3265. Let b = 29 + -5. What is the remainder when z is divided by b?
21
Let v(j) = j + 6. Let b(g) = 5*g**2 - 1. Let y be b(3). Suppose y = 5*w + 3*x, -4*w = x - 6*x - 13. What is the remainder when v(7) is divided by w?
6
Let k(d) = 24*d + 0*d**2 + 25 - 25*d + 2*d**2. Calculate the remainder when k(-7) is divided by 19.
16
Suppose -104 = -5*f + 5*d + 131, -3*f = -5*d - 151. Let r = f - 34. Calculate the remainder when 21 is divided by r.
5
Suppose 65 + 101 = 5*d - 4*g, 0 = 4*g + 16. Calculate the remainder when 89 is divided by d.
29
Suppose 0 = -16*t + 18*t + 138. Let j = t + 88. What is the remainder when j is divided by 12?
7
Let j(s) be the third derivative of -s**6/120 - s**5/30 + 7*s**4/12 + 2*s**3 + 16*s**2. What is the remainder when 84 is divided by j(-5)?
16
Let d = -4 - -5. Suppose d = 2*m - 3. Calculate the remainder when 10 is divided by (-2 + 3 - 0) + m.
1
Suppose -3*b + 92 = -b. Let f(y) = 4*y**2 - 4*y - 31. Calculate the remainder when b is divided by f(4).
12
Suppose -15*n + 34 + 26 = 0. Calculate the remainder when 19 is divided by n.
3
Suppose -2*b = -b - 21. Calculate the remainder when b is divided by ((-3)/15*-22)/(10/25).
10
Let i = -26 - -47. What is the remainder when 61 is divided by i?
19
Let k = -21 + 129. What is the remainder when k is divided by 16?
12
Suppose 0 = -3*q - 2*u + 140, 2*u = 7*q - 3*q - 210. What is the remainder when 246 is divided by q?
46
Suppose 0*z - z = 4*i + 17, 0 = 2*z - i - 2. Let l(s) = 1. Let q(k) = -k. Let o(c) = z*l(c) - 4*q(c). What is the remainder when o(6) is divided by 8?
7
Let v(z) = 161*z - 2. Let t be v(1). Suppose t = 5*p - 86. Calculate the remainder when p is divided by (-2)/(-4) + (-33)/(-2).
15
Let d(o) = 7*o + 37. Let r be d(-5). Suppose -z - 3*m = -6, -r*z = -z + 5*m - 2. What is the remainder when z is divided by 7?
5
Let k = 7 - 2. Suppose 0*w - 4*w - 19 = y, -95 = k*y + 4*w. Let n = -15 - y. What is the remainder when 18 is divided by n?
2
Let i be (-8)/(-48) - (-2)/(-12) - -5. Suppose -u - 4 = 0, 6*u - u = -i*l + 20. Calculate the remainder when 15 is divided by l.
7
Let z = 892 - 872. Calculate the remainder when 1152/30 + 4/(-10) is divided by z.
18
Suppose 0 = -4*z + 5*y + 1430, 113*z - 115*z + 702 = 4*y. Calculate the remainder when z is divided by 61.
50
Let w be (6/(-9))/(3/(-9)). Suppose o = -w, -g - 26 = -5*g + 3*o. Calculate the remainder when 39 is divided by g.
4
Let n be -2 + -1 + -5 + 8. Suppose -5 = 5*u, n*l + 3*l - 62 = 5*u. What is the remainder when 93 is divided by l?
17
What is the remainder when 37 is divided by (-2)/1 + 6 + 3?
2
Let y(c) = -3*c**2 + 29*c - 4. Let o be y(8). Suppose 144 = 2*v + d, 5*v - 3*d + 110 = 470. What is the remainder when v is divided by (-5)/((-14)/24 + 9/o)?
12
Let f = -214 + 410. What is the remainder when f is divided by 2/(-3) + 608/12?
46
Let h(a) = 2*a**3 - 12*a**2 + 2*a - 9. Let v be h(6). Let o = 42 - v. What is the remainder when o is divided by 6?
3
Let b(d) = -6*d**2 + 4*d - 2. Let o be b(1). Calculate the remainder when 17 is divided by 7/(378/312) - o/18.
5
Suppose 2*h = o + 97, -4*h = 6*o - 5*o - 197. What is the remainder when 209 is divided by h?
13
Suppose 70*f - 390 - 1010 = 0. Let c(r) = -r**3 - 2*r**2 - 3*r - 6. What is the remainder when c(-4) is divided by f?
18
Let d be 3 + 69/(-21) - (-825)/21. Suppose -2*h - 3*a = -69, 4*a + d + 9 = 2*h. Calculate the remainder when h is divided by 16.
14
Let q(j) = 5*j + 402. What is the remainder when q(-43) is divided by 69?
49
Let s = -8 + 8. Suppose s*v = 3*v - 21. Calculate the remainder when 20 is divided by v.
6
Suppose 2*f + 3*h = -2*h + 6, -3*f = 4*h - 23. Let p(y) = -17*y + 1. Calculate the remainder when p(-6) is divided by f.
12
Let w = -49 - -100. Let h(v) be the third derivative of -v**4/8 - v**3/2 - 2*v**2. Calculate the remainder when w is divided by h(-7).
15
Suppose 4*q - k = 79, -5*q + 36*k + 99 = 35*k. Calculate the remainder when 55 is divided by q.
15
Let f = 31 - 23. Suppose 3*y = f*y. Suppose v - 20 + 2 = y. Calculate the remainder when 52 is divided by v.
16
Suppose -15*a + 430 = -5*a. Calculate the remainder when a is divided by 10.
3
What is the remainder when 139 is divided by 141/4 + 3/(-12)?
34
Suppose 5*g - 3*j - 176 = 0, -6*g = -5*g + 2*j - 30. What is the remainder when 151 is divided by g - (12 - (7 - 3))/(-2)?
37
Let d(h) = -22*h - 468. What is the remainder when 29 is divided by d(-22)?
13
Let d(h) = 18*h**2 - h. Calculate the remainder when d(-2) is divided by (-4)/(-46) - 0 - 229000/(-11500).
14
Suppose -4*s = 4*y - 544, 5*s - 234 = 3*y + 462. Calculate the remainder when s is divided by (116 - 88)*5/4.
33
Let k be (7/(-7))/(1/(-99)). Let x = k + -69. What is the remainder when 85 is divided by x?
25
Let g(p) = p**3 - p**2 - p + 30. Suppose -5*o + 4*f = 4, 0 = 4*o - 2*f + 1 + 1. Suppose r + r - 176 = o. Calculate the remainder when r is divided by g(0).
28
Let k = 14 + 23. Let w = k - 25. Suppose -w = 3*d, v + 4*d + 0 = -3. Calculate the remainder when v is divided by 7.
6
Suppose 252 = 258*c - 252*c. Calculate the remainder when 86 is divided by c.
2
Calculate the remainder when 20 is divided by (28 + -4)/3 + 2 + -3.
6
Let x(b) = 4*b**3 - 2*b**2 + 3. Let g(n) = n**3 - 6*n - 16. What is the remainder when x(3) is divided by g(4)?
21
Let j(v) = 2*v + 6. Let b be j(3). Suppose -7*g + 3*g + b = 0. Let q = -4 - -11. Calculate the remainder when q is divided by g.
1
Let y = -558 + 861. Calculate the remainder when y is divided by 9.
6
Suppose 21*k - 735 = 147. What is the remainder when 137 is divided by k?
11
Let h = 67 + -26. Suppose -2